+ 13*m = 2*m. Let c(r) = r**3 - r**2 + r + 33. Calculate c(m).
33
Let c(p) = 802 - 292 - 297 - 6*p - 259. Give c(-8).
2
Suppose -2*c + 2 = 2*p - 0, p + 5*c = 17. Let s(d) = 4 - 2 - d - 364*d**2 + 361*d**2 - d**3. Determine s(p).
5
Suppose 0 = 90*x - 214 - 213 - 113. Let z(w) = 8*w + 11. Calculate z(x).
59
Suppose 3*p - 5*k + 2*k - 21 = 0, 0 = 3*p - 5*k - 27. Let v(y) = 17 + p*y - 6*y + 4*y - 18. Let r(z) = -z**2 + 4*z + 4. Let m be r(-1). Calculate v(m).
-3
Let m = -5 - 1. Let o(t) = 3*t**2 - 90*t + 25*t + 41*t + 33*t - t**2. Calculate o(m).
18
Let h be (-2)/3*-1*3. Let y(a) = 52 - 113 + 59 + 22*a. Calculate y(h).
42
Let j(f) = -f - 87. Let q be j(7). Let a = q - -100. Let h(t) = -t**3 + 7*t**2 - 5*t - 1. What is h(a)?
5
Let n(y) = y**2 + 3*y + 1. Suppose -41*x + 47*x - 12 = 0. Suppose 0 = -a - m + 2*m - 7, x*m = a + 12. Calculate n(a).
-1
Suppose 2*s - f + 3*f = 4, 2*s + f = 2. Let o(b) = 0 + s*b + b + 6. Suppose -4*x - 2254*y - 11 = -2251*y, 5*x + 28 = y. Determine o(x).
1
Let h(c) = 9*c - 42. Suppose -36 = -4*p + 4*s, 2*s + 11 = 4*p + 3*s. Determine h(p).
-6
Let a = 118 - 114. Let y(o) = 8*o**2 + 2*o**3 + 12 - o**3 - 10*o - a*o + 3*o + 3*o. Calculate y(-9).
3
Let q(j) = -22*j - 13*j - 2*j + 40*j - 3 - 5*j**2. What is q(1)?
-5
Let t(c) = 8*c**2 + 2*c - 2. Suppose -4*l = 4, 2*k + 7 = 3*l + 12. What is t(k)?
8
Suppose -f - l - 42 = -51, 2*l - 42 = -4*f. Let m(z) = 2*z + 16. Let u(p) = p + 16. Let v(w) = 3*m(w) - 4*u(w). Determine v(f).
8
Suppose -5*v = -6 - 4. Let u(y) = -y**2 + 4 + v*y + 5 - 1. Let l be 0 + 5 - 2/(-16)*8. Give u(l).
-16
Let m(f) = 3*f**2 + f + 1. Let y be m(2). Let h(k) = -9*k + 3 - 4 - k**2 + 22*k - y*k. Let o(n) = n**2 - 6*n - 8. Let b be o(7). Calculate h(b).
0
Let s(g) = -g**2 + 18*g + 35. Let w be 40/21 - 2 - 844/(-42). Determine s(w).
-5
Let t(b) be the second derivative of 1/20*b**5 - 1/2*b**2 - 65*b + 0 + 0*b**4 - 1/3*b**3. Suppose -4*a = 2*v - 9 - 3, -3*a = -v - 14. Calculate t(v).
-5
Let f(o) = -6*o - 17. Let r be 4/4*(-28 + 21). What is f(r)?
25
Suppose -4*i + 3*y = -9, 12*i - 4*y = 15*i - 13. Let m(f) = 5*f**2 - 2*f - f - 27639 - 4*f**2 + 27637 + f + f**i. Calculate m(-3).
-14
Let z(u) = -3*u + 4. Let j be z(3). Let w(v) be the second derivative of -202*v + 0 - 1/6*v**3 - 3/2*v**2. Determine w(j).
2
Let n(q) be the first derivative of -3*q**2/2 - 8*q + 3180. Calculate n(-4).
4
Let s(o) = 4 - 5*o**2 - 10 - o**3 + 0. Suppose 4*n = n - 39. Let b be (n/((-39)/(-30)))/(2*1). Determine s(b).
-6
Let a(j) be the first derivative of -j**6/120 + j**5/12 + 7*j**3/6 - 2*j**2 - 17*j - 124. Let f(m) be the second derivative of a(m). Give f(5).
7
Let t(x) = -1056*x - 11620. Let g be t(-11). Let u(q) = q**2 - 3*q - 31. Give u(g).
-3
Let q(m) be the third derivative of -m**6/40 + m**5/60 - 7*m**4/24 - 3*m**3/2 - 4*m**2 + 3*m - 108. Give q(0).
-9
Let x(z) = 10*z - 143. Let o be x(14). Let a(u) = -4*u - 15. What is a(o)?
-3
Let m(a) be the second derivative of -a**5/30 - 11*a**4/24 - a**3/2 - 39*a**2 + 48*a. Let r(v) be the first derivative of m(v). Give r(-4).
9
Let j(x) = -x**2 - 7*x - 4. Let u(t) = t**2 + 7*t + 24. Let w be u(-12). Suppose 2*a - a = -w. Let m = -89 - a. What is j(m)?
6
Let g(i) = i**3 + 0 - 6 - 299*i + 5*i**2 - 208*i + 500*i. Give g(-6).
0
Let x(n) = n + 3. Let o be (-1)/(-2)*(21 + 7/7). Suppose o*t = 27*t + 208. Give x(t).
-10
Suppose -z = 3*z + 32. Let n(k) = k**3 + 9*k**2 + 8*k + 8. Let l be n(z). Suppose 28 + l = -4*u. Let g(j) = -j - 11. What is g(u)?
-2
Let t(a) = 20*a - 93. Let f(i) = -i**2 + 35*i - 301. Let d be f(16). Give t(d).
-33
Let j(d) = -6*d - 764. Let r(z) = 3*z + 337. Let n(f) = -4*j(f) - 9*r(f). Calculate n(8).
-1
Let h(i) = 2*i + 2 - i - 6*i + 4*i + 2*i. Suppose 15 = 4*n + n. Calculate h(n).
5
Let y(b) = b**2 - 11*b + 9. Let d be y(10). Let h(r) = -12*r**2 - 5*r - 1. Let i(z) = -12*z**2 - 6*z - 1. Let x(c) = 4*h(c) - 3*i(c). Determine x(d).
-11
Suppose 2*t = 7*t + 4*l - 48, 0 = 5*t + 3*l - 56. Let d(i) = -36*i + 582. Give d(t).
6
Let o(q) be the third derivative of -q**5/60 - q**4/8 - q**3 + 2612*q**2. Let b = 5 + -9. Give o(b).
-10
Let i(k) = -94*k + 14. Let m(j) = -145*j + 14. Let o(b) = 3*i(b) - 2*m(b). Give o(-8).
-50
Let g(y) = -24*y - 71. Let k(b) = 33*b + 80. Let v(m) = 5*g(m) + 4*k(m). Determine v(3).
1
Let q be (-352)/(-96)*15/(-165)*-15. Let d(u) = -u**3 + 11*u**2 - 9*u + 3. Let m(c) = -c**3 + 12*c**2 - 8*c + 4. Let i(k) = -4*d(k) + 3*m(k). Give i(q).
-15
Let s(z) be the second derivative of -z**4/12 + 7*z**3/3 - 21*z**2 - 11273*z. Give s(9).
3
Let r(p) = 40*p**3 + 12*p**2 - 7*p + 12. Let u(h) = -43*h**3 - 14*h**2 + 10*h - 13. Let n(z) = 6*r(z) + 5*u(z). Determine n(-1).
-24
Let q = -29 - -25. Let k(s) = -16*s - 66. Let l be k(q). Let y(r) = -3*r**2. Give y(l).
-12
Suppose -49 = -2*l + 7*z, 5*l - 26*z = -31*z + 190. Let f(i) = -i**2 + 31*i + 138. Calculate f(l).
-2
Let b(q) = -q**2 - q - 1. Let t(z) = 6*z. Let y(v) = b(v) + t(v). Let p = 221 + -51. Let j = p - 164. Determine y(j).
-7
Let i(z) = -2*z**3 + 14*z**2 + 38*z + 2. Let f be i(9). Let c(y) be the first derivative of f + 1/2*y**2 - 5*y. Calculate c(4).
-1
Let h(r) = -89*r - 28. Let x(q) = 32*q + 9. Let l(z) = 3*h(z) + 8*x(z). Give l(-7).
65
Let u(w) be the second derivative of w**5/20 + 5*w**4/12 + 5*w**3/6 + w**2/2 + 4*w - 1. Suppose 25 = -4*i + 5. Give u(i).
-24
Let s(k) = 81*k. Suppose 14338 = 8*f + 14346. Determine s(f).
-81
Let b(a) be the second derivative of -a - 1/2*a**2 + 55 + 2/3*a**3 + 1/12*a**4. Give b(-5).
4
Let f = -500 - -504. Suppose 2*g - 6 = -6*k + 5*k, k = f*g - 12. Let o(x) = -6*x. Let n(y) = -5*y. Let s(p) = -7*n(p) + 6*o(p). What is s(g)?
-3
Let p(v) = v**2 - 5*v + 2. Let b = 55 - 110. Let f = b + 111. Suppose 27*j - 20*j = f. What is p(j)?
26
Let q be 0/(13/(78/(-12))). Suppose -2*j + 11*j = q. Let h(f) = f**2 + f. Determine h(j).
0
Let t(m) = 21*m + 35. Suppose 6 = 2*s + 2*a, -48*s = -46*s + 5*a - 24. Give t(s).
-28
Let k(a) = -6*a**3 + 3*a**2 + 12*a + 10. Let h(b) = -7*b**3 + 2*b**2 + 16*b + 11. Let y be 5/(-15) - 196/42. Let o(t) = y*h(t) + 6*k(t). Calculate o(7).
-2
Let q = -17 - -9. Let v(r) = 17*r + 5. Let f(s) = -s**2 + 68*s + 21. Let p(g) = 2*f(g) - 9*v(g). Give p(q).
5
Let k(r) = -13*r + 159. Suppose 3*x - 23 = -3*m + 1, -5*m = 25. Calculate k(x).
-10
Let f(y) be the first derivative of -y**4/4 - 7*y**3 + 22*y**2 - 29*y - 2847. Calculate f(-23).
17
Let s(g) = 3*g + 15. Suppose 3*q - m - 20 + 3 = 0, -20 = -3*q - 2*m. Suppose -6 = q*y + 36. What is s(y)?
-6
Let r(n) = -n + 2. Suppose -y + 14 = 4*f, -3*f = 3*y - 6*y + 12. Let l = 1166 - 1166. Suppose l*i + 36 = y*i. Calculate r(i).
-4
Let u(x) be the second derivative of 1 + 12*x - 1/6*x**3 + 7/2*x**2. Calculate u(8).
-1
Let b(m) = -7*m**2 + 8*m**2 - 36 + 24 - 17*m + 3*m + 27. What is b(9)?
-30
Let g = 10633 + -10630. Let f(p) be the third derivative of -1/120*p**6 + 0 - 1/6*p**g + 31*p**2 - 1/24*p**4 + 0*p + 7/60*p**5. Give f(7).
-8
Let w(g) = g**2 + 13*g + 70. Let f(d) = 1191*d - 4768. Let p be f(4). What is w(p)?
34
Let x(p) = 94943 - 4*p - 94945 + 0*p**2 + p**2 + p**3. Let l = -3 + 1. Calculate x(l).
2
Let m(a) = 12*a - 3. Suppose -7*k - 122 = -45. Let j(c) = -34*c + 9. Let v(u) = k*m(u) - 4*j(u). Let i = 8 - 6. What is v(i)?
5
Let g(o) = -o**3 + 10*o**2 - 13*o - 17. Let w be g(8). Let v(f) = -2*f - 4*f + w*f. Give v(2).
2
Let j(z) = -2*z**2 + 33*z + 23. Let o be j(17). Let n be ((-66)/o)/(-1) - 4. Let g(d) = -3*d + 15. Give g(n).
-6
Let d(a) = 2*a**3 + a**2 + 4*a + 1. Let o(r) = 8*r**3 - 3*r**2 - 13*r - 2. Let h(c) = -4*d(c) - o(c). Determine h(-1).
16
Let v(x) = 3*x + 5 - 35 + 15. Let d be v(6). Let i(p) = 154 - 2*p + d*p - 156. Give i(0).
-2
Let n(i) be the second derivative of -2*i**5/5 + i**4/24 - 53*i**2 + 83*i. Let p(t) be the first derivative of n(t). What is p(-1)?
-25
Suppose 0 = -20*i + 63 + 117. Let q(h) = 5*h - i*h + 59*h**2 - 5 - h**3 - 53*h**2. Calculate q(4).
11
Let h(p) = -649*p - 646*p + 26 - 3 + 1284*p. Calculate h(4).
-21
Let i(j) = -2*j - 47. Let l = 12171 - 12183. Calculate i(l).
-23
Let p(f) = -f**3 - 8*f**2 - 12*f + 11. Suppose 0 = 23*t + 853 - 738. Give p(t).
-4
Let r(l) = 20*l**2 - 5*l + 5. Let u = -1755 - -1757. What is r(u)?
75
Let u(j) be the third derivative of j**5/60 - 5*j**4/12 + 7*j**3/2 - 8*j**2 + 80. Wha